 divisor of 314 and 914006586?
314
What is the highest common divisor of 44 and 44905256?
44
What is the greatest common divisor of 247264 and 384?
32
Calculate the highest common divisor of 46654329 and 121277.
9329
Calculate the greatest common factor of 141048 and 6288.
24
What is the highest common factor of 289400 and 17600?
200
What is the highest common divisor of 35 and 923810?
5
What is the highest common divisor of 160 and 238540?
20
Calculate the greatest common factor of 9396 and 12380.
4
What is the greatest common divisor of 2765 and 383779235?
2765
What is the highest common factor of 8003 and 1739973?
151
Calculate the greatest common divisor of 38226 and 214398.
1662
Calculate the greatest common divisor of 2928 and 99555416.
488
What is the highest common factor of 7750453 and 87?
29
Calculate the highest common divisor of 2457 and 7014657.
39
What is the highest common divisor of 30933 and 12348?
63
What is the greatest common factor of 110514 and 15188340?
978
Calculate the highest common factor of 3289568 and 25024.
544
What is the highest common divisor of 5177875 and 480125?
2875
Calculate the highest common factor of 289 and 1072457614.
289
What is the greatest common divisor of 478 and 23216938?
478
Calculate the highest common divisor of 270703 and 1283428.
643
What is the greatest common divisor of 6281 and 29702849?
6281
Calculate the greatest common factor of 286392212 and 774.
86
What is the highest common factor of 897863 and 44942?
977
What is the greatest common factor of 214058117 and 1911?
637
Calculate the greatest common factor of 70 and 70595105.
35
Calculate the highest common divisor of 2320308 and 2628.
36
Calculate the highest common divisor of 229284 and 1737747.
297
What is the highest common divisor of 2891 and 942053?
413
Calculate the highest common divisor of 18 and 33525.
9
Calculate the highest common factor of 672841 and 72124.
949
Calculate the highest common factor of 129330 and 98118.
54
What is the greatest common factor of 42 and 22126125?
21
What is the highest common divisor of 422 and 678658?
2
What is the greatest common divisor of 90667445 and 1375?
55
Calculate the highest common divisor of 74146 and 275362.
262
What is the highest common divisor of 2152 and 709458986?
538
What is the highest common divisor of 51209796 and 352?
44
Calculate the highest common factor of 195 and 66534585.
195
What is the highest common factor of 3795 and 36125?
5
What is the highest common divisor of 5574 and 12605601?
2787
Calculate the highest common factor of 1586820 and 114480.
3180
What is the highest common divisor of 14852 and 12113228?
316
What is the highest common factor of 75366170 and 165?
55
What is the highest common divisor of 955 and 191640805?
955
Calculate the greatest common divisor of 4322680 and 28760.
40
What is the highest common divisor of 888 and 314941632?
888
What is the highest common divisor of 55172358 and 18?
18
What is the greatest common divisor of 513 and 2056779?
27
What is the highest common divisor of 3581853 and 23496?
33
Calculate the greatest common divisor of 2577555 and 179523.
1647
What is the highest common factor of 99 and 144881?
11
What is the highest common divisor of 430 and 46904056?
86
Calculate the highest common factor of 1884576310 and 85.
85
Calculate the highest common divisor of 73762 and 201292.
26
What is the highest common divisor of 361458453 and 11535?
2307
Calculate the greatest common factor of 1107218 and 238.
14
What is the greatest common factor of 572 and 26657917?
143
Calculate the highest common divisor of 2875 and 5242528.
23
What is the greatest common divisor of 4537 and 3839?
349
What is the greatest common divisor of 9553 and 363247?
233
What is the highest common factor of 13150266 and 24?
6
What is the highest common factor of 30282504 and 48?
24
What is the highest common divisor of 45795596 and 280?
28
What is the greatest common factor of 984 and 462744?
24
What is the highest common factor of 104447451 and 219?
219
Calculate the greatest common divisor of 3088 and 26237192.
1544
What is the highest common factor of 392 and 18039840?
392
Calculate the greatest common factor of 22 and 2215774.
22
Calculate the highest common factor of 6381 and 219726.
9
What is the highest common divisor of 130309434 and 6?
6
What is the highest common factor of 1196955 and 804?
201
What is the highest common factor of 448 and 923152?
16
Calculate the greatest common factor of 455145 and 193230.
285
What is the greatest common factor of 399 and 53761792?
133
Calculate the highest common divisor of 13324563 and 252.
63
What is the highest common divisor of 24666052 and 21852?
2428
Calculate the greatest common factor of 15618653 and 503.
503
What is the highest common factor of 648 and 667164?
12
Calculate the greatest common divisor of 5408340 and 630.
210
Calculate the greatest common factor of 1764 and 2349792.
36
Calculate the greatest common factor of 76384 and 77624.
248
Calculate the greatest common factor of 58112 and 1722476.
908
What is the highest common divisor of 44188463 and 8437?
649
What is the highest common divisor of 18078 and 76909838?
6026
What is the greatest common divisor of 2481182 and 506?
22
What is the highest common factor of 83 and 245080491?
83
Calculate the greatest common divisor of 1393 and 28313.
1
What is the greatest common factor of 6708 and 4792092?
516
What is the highest common factor of 4348 and 189188?
4
What is the highest common factor of 4694616 and 72?
72
What is the highest common factor of 333 and 16173?
9
Calculate the greatest common divisor of 260 and 18891275.
65
Calculate the highest common divisor of 1296105 and 171465.
1065
What is the highest common factor of 196706 and 4257518?
3334
Calculate the greatest common factor of 188329 and 86433.
47
What is the highest common factor of 161424038 and 568?
142
What is the highest common factor of 4249 and 49961563?
607
What is the highest common divisor of 4704 and 27865320?
1176
What is the greatest common factor of 192 and 7459744?
32
Calculate the greatest common divisor of 1463282 and 2146.
58
Calculate the highest common divisor of 412880245 and 115.
115
What is the highest common divisor of 12766 and 482716?
26
What is the greatest common factor of 9 and 6096798?
9
What is the highest common divisor of 52960 and 7379645?
1655
What is the greatest common divisor of 1185 and 11180?
5
Calculate the highest common divisor of 5803920 and 19224.
216
Calculate the highest common factor of 2098891 and 369094.
883
Calculate the highest common divisor of 315675 and 688873.
1403
What is the highest common divisor of 1855895 and 5?
5
Calculate the greatest common factor of 376 and 1732855690.
94
Calculate the highest common divisor of 307131 and 30645.
681
Calculate the greatest common divisor of 142166 and 20212.
62
Calculate the highest common factor of 29869 and 146489.
119
What is the highest common factor of 1247467 and 22893?
13
What is the greatest common divisor of 12544 and 609379680?
1568
What is the greatest common factor of 206 and 20964517?
103
What is the greatest common divisor of 19466144 and 164?
164
Calculate the greatest common divisor of 456 and 8205864.
24
What is the greatest common divisor of 32 and 1270235344?
16
What is the highest common factor of 65616047 and 2884?
721
Calculate the highest common factor of 492010 and 1780.
10
What is the greatest common divisor of 10736 and 31042?
22
Calculate the highest common divisor of 29862 and 1850310.
378
What is the highest common divisor of 223136 and 7722208?
608
Calculate the greatest common factor of 780 and 198484.
52
Calculate the greatest common factor of 2679709 and 23.
1
What is the greatest common divisor of 78520 and 1358630?
130
Calculate the highest common divisor of 428186967 and 1833.
1833
Calculate the greatest common divisor of 29719149 and 606.
303
Calculate the greatest common factor of 17475285 and 555.
555
Calculate the highest common factor of 928 and 6476512.
928
What is the greatest common divisor of 793514 and 7?
1
Calculate the greatest common factor of 1088332 and 19271.
7
What is the greatest common factor of 483090 and 3960?
30
What is the highest